8
18e1 (base 15) to base 6
40534
Convert -321668 (base 13) to base 10.
-1174298
4c6757 (base 14) to base 8
12021071
What is 5564003 (base 7) in base 6?
22425245
Convert -76705 (base 15) to base 4.
-1123312031
Convert 40b19b (base 13) to base 7.
15555162
Convert -27f40 (base 16) to base 9.
-268431
What is 10411032303 (base 5) in base 2?
101011100101000101001110
What is -6352242 (base 7) in base 15?
-102d59
Convert 214320 (base 9) to base 13.
46257
Convert -154a639 (base 11) to base 5.
-1134240313
-1110111 (base 5) to base 7
-110402
What is 204520034 (base 6) in base 12?
125001a
Convert 62a21 (base 15) to base 10.
312781
What is 75b35 (base 12) in base 11?
a6849
What is 111142043 (base 5) in base 6?
14301441
What is 13111200033 (base 4) in base 5?
443014322
What is 20210110202 (base 3) in base 4?
200221313
-17dde8 (base 15) to base 5
-244121033
-101000101010100000 (base 2) to base 13
-5aa74
11011101111000101010 (base 2) to base 15
12e447
Convert 233212021313 (base 4) to base 3.
212110220021212
303040452 (base 6) to base 10
5184176
What is 6494 (base 14) in base 5?
1024003
Convert -c10198 (base 13) to base 14.
-84a363
10210010211 (base 3) to base 10
74461
What is 12501929 (base 10) in base 15?
116e41e
Convert -521137 (base 8) to base 11.
-108785
-11673 (base 13) to base 16
-7c7a
-1341870 (base 11) to base 12
-9380b2
What is -1627167 (base 12) in base 16?
-452a1f
Convert -5480a (base 11) to base 15.
-18857
Convert 172336 (base 9) to base 7.
623052
1121832 (base 9) to base 12
252162
What is -133024131 (base 5) in base 8?
-2443602
764252 (base 12) to base 13
5079a7
What is -300071 (base 12) in base 15?
-eb321
Convert -cbf8 (base 16) to base 8.
-145770
Convert 1240416 (base 7) to base 2.
100111010100110100
Convert -101110101100011111101011 (base 2) to base 6.
-1114210415
What is -302312223 (base 4) in base 14?
-55ca7
Convert 2610013 (base 8) to base 16.
b100b
What is ba674 (base 14) in base 6?
13401154
What is 65067 (base 10) in base 9?
108226
What is -236784 (base 9) in base 5?
-14032143
What is 2423320 (base 7) in base 11?
1a0881
What is 1306064 (base 8) in base 3?
200110201122
-122021001101112 (base 3) to base 15
-c1302b
What is 122323000 (base 4) in base 15?
22a17
What is 20353013 (base 7) in base 5?
414214201
89584 (base 14) to base 7
2555124
Convert 46426510 (base 7) to base 2.
1111100010101110100110
Convert -1455b6 (base 14) to base 3.
-1022212221001
What is 221530022 (base 6) in base 8?
17225136
Convert 21110203 (base 4) to base 7.
216211
-3a9b0 (base 12) to base 6
-1422340
What is -253824 (base 12) in base 11?
-385642
2330341214 (base 5) to base 14
9c8619
3536a3 (base 12) to base 6
30204323
What is -2110342 (base 6) in base 11?
-70029
What is 5002154 (base 7) in base 11?
3725a2
Convert 101a4 (base 14) to base 4.
21131210
What is 2240042224 (base 5) in base 12?
1813192
Convert -3f00 (base 16) to base 2.
-11111100000000
What is 201211000301 (base 4) in base 13?
1a926c1
4150335 (base 7) to base 4
1321331331
45530 (base 10) to base 4
23013122
2a03482 (base 12) to base 9
16833328
-10414002233 (base 5) to base 11
-6523976
Convert -101033211 (base 4) to base 14.
-1ba4d
What is -94b2e (base 16) in base 14?
-11bd70
Convert 5a590 (base 15) to base 13.
a11c3
-c54a07 (base 14) to base 10
-6658911
What is -b43ab (base 14) in base 11?
-277320
1043665 (base 7) to base 14
34c35
1100111110010110100 (base 2) to base 15
85e7a
-7707366 (base 9) to base 13
-b1bb20
Convert -1032431 (base 10) to base 16.
-fc0ef
-10001110100111000110101 (base 2) to base 14
-899033
What is -30b2a9 (base 13) in base 6?
-40222535
What is 40113102 (base 5) in base 12?
1332b8
Convert -303122033 (base 5) to base 12.
-4abb95
Convert -12205541 (base 6) to base 7.
-3213163
2112a (base 11) to base 3
1120012111
Convert -2a0249b (base 12) to base 2.
-100000010010100000110111
What is 8a26b7 (base 14) in base 5?
2200143302
Convert c5585 (base 15) to base 5.
130010000
What is -2001342010 (base 5) in base 11?
-2247749
What is 7928779 (base 10) in base 5?
4012210104
Convert 13037324 (base 8) to base 13.
7a6aa5
23110013 (base 4) to base 16
b507
What is -8a524 (base 13) in base 8?
-752705
What is -85c58 (base 14) in base 7?
-2515041
Convert 274884 (base 9) to base 6.
3332121
What is 10303520 (base 7) in base 11?
548654
d40f5 (base 16) to base 9
1563437
Convert -1ba70 (base 15) to base 7.
-523461
Convert 213230130221 (base 4) to base 13.
2204405
-507ae (base 16) to base 15
-67a16
What is 65895 (base 12) in base 14?
36d45
12121112021 (base 3) to base 10
110464
-74856 (base 10) to base 16
-12468
Convert 11000010100000111101100 (base 2) to base 9.
12884265
Convert 3211032202 (base 5) to base 2.
11001101100101010101000
Convert 13795 (base 10) to base 14.
5055
Convert d0b240 (base 14) to base 2.
11010110010011100001000
What is 10100110120 (base 3) in base 10?
65949
Convert -10011010011111111000 (base 2) to base 13.
-19206a
130134131 (base 5) to base 13
191002
What is -11000011222 (base 3) in base 4?
-103100102
Convert 56475 (base 12) to base 13.
402a1
What is -8d656c (base 14) in base 4?
-102120221110
-285845 (base 9) to base 13
-61805
Convert -13832425 (base 9) to base 16.
-68d884
What is -46d90b (base 15) in base 16?
-33af19
Convert 5b8855 (base 13) to base 12.
897196
220363 (base 9) to base 5
13202040
What is 20450332 (base 6) in base 15?
bc0de
Convert 8eeb (base 16) to base 11.
25541
10010011011111010011 (base 2) to base 8
2233723
201254105 (base 7) to base 13
2565b03
What is bb8a (base 16) in base 12?
2394a
What is -a9216b (base 12) in base 15?
-37da02
Convert -323466 (base 8) to base 16.
-1a736
What is 22535141 (base 6) in base 16?
aa305
Convert -22021322 (base 4) to base 15.
-c4ce
Convert -2551719 (base 11) to base 4.
-100320001210
Convert 539871 (base 10) to base 8.
2036337
1e4b4a (base 16) to base 7
22606130
-9788e (base 16) to base 13
-189691
Convert 276747 (base 9) to base 15.
35124
Convert 21030413 (base 5) to base 16.
2a722
Convert 15a0f (base 16) to base 2.
10101101000001111
What is 21000220121 (base 3) in base 15?
2b04a
What is 28b55 (base 15) in base 11?
8a304
-4321545 (base 6) to base 3
-101211010202
What is -b3607 (base 12) in base 6?
-5004011
233631364 (base 7) to base 8
67125477
What is 1021000010010 (base 3) in base 10?
669306
-90d515 (base 14) to base 11
-2831256
-445521355 (base 6) to base 11
-4641725
Convert -201020121 (base 4) to base 6.
-2524133
10dd78 (base 14) to base 7
4616511
Convert 2452116 (base 8) to base 10.
676942
Convert -11270764 (base 8) to base 5.
-1112012004
2233433000 (base 5) to base 11
28a41a5
What is -296d84 (base 14) in base 6?
-50513024
-32223103 (base 4) to base 5
-3410430
What is -1356141 (base 7) in base 10?
-182211
Convert -585420 (base 9) to base 6.
-11312200
Convert 101000100011110111101 (base 2) to base 3.
2111112011101
What is 1a5b9 (base 14) in base 11?
46379
Convert -3875053 (base 11) to base 4.
-121212233203
What is -23610125 (base 8) in base 5?
-2311302100
Convert -30674724 (base 9) to base 3.
-1000202111210211
Convert -12550221 (base 6) to base 16.
-66385
Convert -443131040 (base 5) to base 9.
-3556333
Convert -a911c (base 15) to base 9.
-1007410
2a1fc (base 16) to base 12
83a24
What is -21300022 (base 4) in base 5?
-2234241
Convert -1001012102211 (base 3) to base 4.
-2013201100
Convert -12cd54 (base 15) to base 9.
-1627207
Convert -35084d (base 14) to base 6.
-102422341
2100221011220 (base 3) to base 15
19ccc6
Convert 11eb9 (base 16) to base 12.
36589
What is 145211 (base 6) in base 10?
14119
What is -442628 (base 9) in base 14?
-6c506
What is -130888 (base 10) in base 9?
-218481
What is 12333323 (base 4) in base 12?
1470b
-103301010 (base 4) to base 7
-455022
Convert 2403432402 (base 5) to base 2.
10101000110001011110000
What is -7e01 (base 15) in base 6?
-323544
What is -2363360 (base 8) in base 3?
-1012222011222
213245230 (base 6) to base 16
39ffd2
What is -242457 (base 9) in base 12?
-70714
What is -6b022 (base 14) in base 3?
-111020121221
What is -245721 (base 9) in base 2?
-100100010001011101
What is -2303004330 (base 5) in base 10?
-5125590
-204303052 (base 6) to base 10
-3569864
Convert -2232322 (base 4) to base 5.
-324234
30c905 (base 15) to base 12
93ab7b
What is -141d0d (base 15) in base 8?
-3542774
What is 30211222002 (base 4) in 